{"id":19263,"date":"2017-02-15T09:33:59","date_gmt":"2017-02-15T09:33:59","guid":{"rendered":"https:\/\/undsgn.com\/uncode\/?post_type=product&#038;p=19263"},"modified":"2020-07-24T21:30:43","modified_gmt":"2020-07-24T21:30:43","slug":"navy-knit-cardigan","status":"publish","type":"product","link":"https:\/\/shumantalent.com\/index.php\/product\/navy-knit-cardigan\/","title":{"rendered":"Pueba coach"},"content":{"rendered":"<p><span style=\"font-weight: 400;\">Eres Coach?, aplica nuestras herramientas para leer habilidades, fortalezas, competencias y tareas de desarrollo en tus clientes y equipo.<\/span><\/p>\n<p><span style=\"font-weight: 400;\">Consulta nuestras asesorias de acompa\u00f1amiento para manejar de manera efectiva a trav\u00e9s de nuestras herramientas las situaciones de cambio que est\u00e1n viviendo a nivel Global, y que as\u00ed puedas dar lo mejor de tu potencial en medio de momentos de crisis y cambios.<\/span><\/p>\n","protected":false},"excerpt":{"rendered":"<p>Eres Coach, aplica nuestras herramientas para leer habilidades, fortalezas y competencias<\/p>\n","protected":false},"featured_media":83669,"template":"","meta":[],"_links":{"self":[{"href":"https:\/\/shumantalent.com\/index.php\/wp-json\/wp\/v2\/product\/19263"}],"collection":[{"href":"https:\/\/shumantalent.com\/index.php\/wp-json\/wp\/v2\/product"}],"about":[{"href":"https:\/\/shumantalent.com\/index.php\/wp-json\/wp\/v2\/types\/product"}],"wp:featuredmedia":[{"embeddable":true,"href":"https:\/\/shumantalent.com\/index.php\/wp-json\/wp\/v2\/media\/83669"}],"wp:attachment":[{"href":"https:\/\/shumantalent.com\/index.php\/wp-json\/wp\/v2\/media?parent=19263"}],"curies":[{"name":"wp","href":"https:\/\/api.w.org\/{rel}","templated":true}]}}